{"id":280,"date":"2011-03-09T15:19:38","date_gmt":"2011-03-09T15:19:38","guid":{"rendered":"http:\/\/www.karateclub-wyland.ch\/?page_id=280"},"modified":"2012-01-12T23:54:52","modified_gmt":"2012-01-12T21:54:52","slug":"privacy-policy","status":"publish","type":"page","link":"https:\/\/www.karateclub-wyland.ch\/?page_id=280","title":{"rendered":"Impressum"},"content":{"rendered":"<p><strong>Eigent\u00fcmer der Seite:<\/strong><br \/>\nKarate Club Wyland<br \/>\nKastanienstrasse 37<br \/>\n8447 Dachsen<\/p>\n<p>E-Mail:\u00a0\u00a0\u00a0 info@karateclub-wyland.ch<br \/>\nInternet: www.karateclub-wyland.ch<\/p>\n<p>Inhaltlich Verantwortlicher gem\u00e4\u00df \u00a7 10 Absatz 3 MDStV: Karateclub Wyland (Anschrift wie oben)<br \/>\nHaftungshinweis: Trotz sorgf\u00e4ltiger inhaltlicher Kontrolle \u00fcbernehmen wir keine Haftung f\u00fcr die Inhalte externer Links. F\u00fcr den Inhalt der verlinkten Seiten sind ausschlie\u00dflich deren Betreiber verantwortlich.<strong><\/strong><\/p>\n<p><strong>Aufbau der Seiten<\/strong><br \/>\nDiese Webseite ist aufgebaut auf dem WordPress-CMS (www.wordpress.org) aufgebaut und unterliegt der GPL-Lizenz. Das Theme unterliegt ebenfalls der GPL-Lizenz.<\/p>\n<p>&nbsp;<\/p>\n","protected":false},"excerpt":{"rendered":"<p>Eigent\u00fcmer der Seite: Karate Club Wyland Kastanienstrasse 37 8447 Dachsen E-Mail:\u00a0\u00a0\u00a0 info@karateclub-wyland.ch Internet: www.karateclub-wyland.ch Inhaltlich Verantwortlicher gem\u00e4\u00df \u00a7 10 Absatz 3 MDStV: Karateclub Wyland (Anschrift &hellip; <\/p>\n","protected":false},"author":2,"featured_media":0,"parent":0,"menu_order":6,"comment_status":"open","ping_status":"open","template":"","meta":{"_themeisle_gutenberg_block_has_review":false,"footnotes":""},"class_list":["post-280","page","type-page","status-publish","hentry"],"_links":{"self":[{"href":"https:\/\/www.karateclub-wyland.ch\/index.php?rest_route=\/wp\/v2\/pages\/280","targetHints":{"allow":["GET"]}}],"collection":[{"href":"https:\/\/www.karateclub-wyland.ch\/index.php?rest_route=\/wp\/v2\/pages"}],"about":[{"href":"https:\/\/www.karateclub-wyland.ch\/index.php?rest_route=\/wp\/v2\/types\/page"}],"author":[{"embeddable":true,"href":"https:\/\/www.karateclub-wyland.ch\/index.php?rest_route=\/wp\/v2\/users\/2"}],"replies":[{"embeddable":true,"href":"https:\/\/www.karateclub-wyland.ch\/index.php?rest_route=%2Fwp%2Fv2%2Fcomments&post=280"}],"version-history":[{"count":5,"href":"https:\/\/www.karateclub-wyland.ch\/index.php?rest_route=\/wp\/v2\/pages\/280\/revisions"}],"predecessor-version":[{"id":714,"href":"https:\/\/www.karateclub-wyland.ch\/index.php?rest_route=\/wp\/v2\/pages\/280\/revisions\/714"}],"wp:attachment":[{"href":"https:\/\/www.karateclub-wyland.ch\/index.php?rest_route=%2Fwp%2Fv2%2Fmedia&parent=280"}],"curies":[{"name":"wp","href":"https:\/\/api.w.org\/{rel}","templated":true}]}}

<p><strong>Eigentümer der Seite:</strong><br />
Karate Club Wyland<br />
Kastanienstrasse 37<br />
8447 Dachsen</p>
<p>E-Mail:    info@karateclub-wyland.ch<br />
Internet: www.karateclub-wyland.ch</p>
<p>Inhaltlich Verantwortlicher gemäß § 10 Absatz 3 MDStV: Karateclub Wyland (Anschrift wie oben)<br />
Haftungshinweis: Trotz sorgfältiger inhaltlicher Kontrolle übernehmen wir keine Haftung für die Inhalte externer Links. Für den Inhalt der verlinkten Seiten sind ausschließlich deren Betreiber verantwortlich.<strong></strong></p>
<p><strong>Aufbau der Seiten</strong><br />
Diese Webseite ist aufgebaut auf dem WordPress-CMS (www.wordpress.org) aufgebaut und unterliegt der GPL-Lizenz. Das Theme unterliegt ebenfalls der GPL-Lizenz.</p>
<p>&nbsp;</p>

<p>Eigentümer der Seite: Karate Club Wyland Kastanienstrasse 37 8447 Dachsen E-Mail:    info@karateclub-wyland.ch Internet: www.karateclub-wyland.ch Inhaltlich Verantwortlicher gemäß § 10 Absatz 3 MDStV: Karateclub Wyland (Anschrift &hellip; </p>
