{"id":1699,"date":"2023-11-25T15:16:09","date_gmt":"2023-11-25T14:16:09","guid":{"rendered":"https:\/\/www.karateclub-wyland.ch\/?page_id=1699"},"modified":"2026-05-15T14:50:36","modified_gmt":"2026-05-15T12:50:36","slug":"einfuehrungskurs-fuer-kinder","status":"publish","type":"page","link":"https:\/\/www.karateclub-wyland.ch\/?page_id=1699","title":{"rendered":"Einf\u00fchrungskurs f\u00fcr Kinder"},"content":{"rendered":"\n<p>Der n\u00e4chste Einf\u00fchrungskurs f\u00fcr Kinder ab 8 Jahren findet ab Donnerstag, <strong>21. Mai 2026<\/strong> von <strong>17:15 bis 18:00 Uhr<\/strong>, in der <strong>Turnhalle 1 Sekundar-Schulhaus Uhwiesen<\/strong>, Z\u00f6llistrasse 18, Uhwiesen, statt.<\/p>\n\n\n\n<h2 class=\"wp-block-heading\">\u00dcber den Einf\u00fchrungskurs<\/h2>\n\n\n\n<ul class=\"wp-block-list\">\n<li>Der Einf\u00fchrungskurs f\u00fcr Kinder dauert <strong>8 Lektionen<\/strong>.<\/li>\n\n\n\n<li>Der Kurs ist f\u00fcr Kinder <strong>ab 8 Jahren<\/strong> geeignet.<\/li>\n\n\n\n<li>Im Kurs erhalten die Kinder einen ersten Einblick ins Karate, lernen die <strong>Abl\u00e4ufe im Karatetraining<\/strong>, <strong>Selbstverteidigungselemente<\/strong> und die ersten <strong>Grundtechniken im Karate <\/strong>kennen.<\/li>\n<\/ul>\n\n\n\n<p>Wir freuen uns zahlreiche Teilnehmende und auf viele tolle neue Lernerlebnisse!<\/p>\n\n\n\n<h2 class=\"wp-block-heading\">Kontakt zur Anmeldung<\/h2>\n\n\n\n<div class=\"wp-block-group\"><div class=\"wp-block-group__inner-container is-layout-constrained wp-block-group-is-layout-constrained\">\n<figure class=\"wp-block-table\"><table><tbody><tr><td>Trainer<\/td><td>Urs Leutenegger, Jugend- und Sportleiter, 5. Dan<\/td><\/tr><tr><td>E-Mail<\/td><td>fam.leutenegger@bluewin.ch<\/td><\/tr><tr><td>Handy<\/td><td>+41 79 429 06 42<\/td><\/tr><tr><td>Festnetz<\/td><td>+41 52 654 30 31&nbsp;<\/td><\/tr><\/tbody><\/table><\/figure>\n<\/div><\/div>\n\n\n\n<h2 class=\"wp-block-heading\">Kosten und Zahlung<\/h2>\n\n\n\n<ul class=\"wp-block-list\">\n<li>Kosten f\u00fcr 8 Lektionen ist <strong>CHF 150.00<\/strong>.<\/li>\n\n\n\n<li>Zahlung <strong>in bar vor Ort <\/strong>am 1. Kurstag<\/li>\n<\/ul>\n\n\n\n<h2 class=\"wp-block-heading\">Flyer zum Einf\u00fchrungskurs f\u00fcr Kinder 2026<\/h2>\n\n\n\n<figure class=\"wp-block-image size-full is-resized\"><a href=\"https:\/\/www.karateclub-wyland.ch\/wp-content\/uploads\/2025\/12\/Fyler_Einfuehrungskurs-fuer-Kinder-in-Uhwiesen_21.05.2026.jpg\"><img loading=\"lazy\" decoding=\"async\" width=\"1683\" height=\"2381\" src=\"https:\/\/www.karateclub-wyland.ch\/wp-content\/uploads\/2025\/12\/Fyler_Einfuehrungskurs-fuer-Kinder-in-Uhwiesen_21.05.2026.jpg\" alt=\"\" class=\"wp-image-2212\" style=\"width:626px;height:auto\" srcset=\"https:\/\/www.karateclub-wyland.ch\/wp-content\/uploads\/2025\/12\/Fyler_Einfuehrungskurs-fuer-Kinder-in-Uhwiesen_21.05.2026.jpg 1683w, https:\/\/www.karateclub-wyland.ch\/wp-content\/uploads\/2025\/12\/Fyler_Einfuehrungskurs-fuer-Kinder-in-Uhwiesen_21.05.2026-212x300.jpg 212w, https:\/\/www.karateclub-wyland.ch\/wp-content\/uploads\/2025\/12\/Fyler_Einfuehrungskurs-fuer-Kinder-in-Uhwiesen_21.05.2026-724x1024.jpg 724w, https:\/\/www.karateclub-wyland.ch\/wp-content\/uploads\/2025\/12\/Fyler_Einfuehrungskurs-fuer-Kinder-in-Uhwiesen_21.05.2026-768x1087.jpg 768w, https:\/\/www.karateclub-wyland.ch\/wp-content\/uploads\/2025\/12\/Fyler_Einfuehrungskurs-fuer-Kinder-in-Uhwiesen_21.05.2026-1086x1536.jpg 1086w, https:\/\/www.karateclub-wyland.ch\/wp-content\/uploads\/2025\/12\/Fyler_Einfuehrungskurs-fuer-Kinder-in-Uhwiesen_21.05.2026-1448x2048.jpg 1448w\" sizes=\"auto, (max-width: 1683px) 100vw, 1683px\" \/><\/a><\/figure>\n\n\n\n<div class=\"wp-block-buttons is-layout-flex wp-block-buttons-is-layout-flex\">\n<div class=\"wp-block-button\"><a class=\"wp-block-button__link wp-element-button\" href=\"https:\/\/www.karateclub-wyland.ch\/?page_id=271\"><mark style=\"background-color:rgba(0, 0, 0, 0)\" class=\"has-inline-color has-white-color\">Finde mehr \u00fcber Karate heraus<\/mark><\/a><\/div>\n\n\n\n<div class=\"wp-block-button\"><a class=\"wp-block-button__link wp-element-button\" href=\"https:\/\/www.karateclub-wyland.ch\/?page_id=200\"><mark style=\"background-color:rgba(0, 0, 0, 0)\" class=\"has-inline-color has-white-color\">Finde mehr \u00fcber das Training heraus<\/mark><\/a><\/div>\n<\/div>\n","protected":false},"excerpt":{"rendered":"<p>Der n\u00e4chste Einf\u00fchrungskurs findet am 21. Mai 2026 in Dachsen in der Turnhalle statt. <\/p>\n<p>Probetraining ist auf Anfrage immer m\u00f6glich, siehe Kontakt unten.<\/p>\n","protected":false},"author":2,"featured_media":2239,"parent":0,"menu_order":0,"comment_status":"closed","ping_status":"closed","template":"","meta":{"_themeisle_gutenberg_block_has_review":false,"footnotes":""},"class_list":["post-1699","page","type-page","status-publish","has-post-thumbnail","hentry"],"_links":{"self":[{"href":"https:\/\/www.karateclub-wyland.ch\/index.php?rest_route=\/wp\/v2\/pages\/1699","targetHints":{"allow":["GET"]}}],"collection":[{"href":"https:\/\/www.karateclub-wyland.ch\/index.php?rest_route=\/wp\/v2\/pages"}],"about":[{"href":"https:\/\/www.karateclub-wyland.ch\/index.php?rest_route=\/wp\/v2\/types\/page"}],"author":[{"embeddable":true,"href":"https:\/\/www.karateclub-wyland.ch\/index.php?rest_route=\/wp\/v2\/users\/2"}],"replies":[{"embeddable":true,"href":"https:\/\/www.karateclub-wyland.ch\/index.php?rest_route=%2Fwp%2Fv2%2Fcomments&post=1699"}],"version-history":[{"count":40,"href":"https:\/\/www.karateclub-wyland.ch\/index.php?rest_route=\/wp\/v2\/pages\/1699\/revisions"}],"predecessor-version":[{"id":2226,"href":"https:\/\/www.karateclub-wyland.ch\/index.php?rest_route=\/wp\/v2\/pages\/1699\/revisions\/2226"}],"wp:featuredmedia":[{"embeddable":true,"href":"https:\/\/www.karateclub-wyland.ch\/index.php?rest_route=\/wp\/v2\/media\/2239"}],"wp:attachment":[{"href":"https:\/\/www.karateclub-wyland.ch\/index.php?rest_route=%2Fwp%2Fv2%2Fmedia&parent=1699"}],"curies":[{"name":"wp","href":"https:\/\/api.w.org\/{rel}","templated":true}]}}

Einführungskurs für Kinder

<p>Der nächste Einführungskurs für Kinder ab 8 Jahren findet ab Donnerstag, <strong>21. Mai 2026</strong> von <strong>17:15 bis 18:00 Uhr</strong>, in der <strong>Turnhalle 1 Sekundar-Schulhaus Uhwiesen</strong>, Zöllistrasse 18, Uhwiesen, statt.</p>



<h2 class="wp-block-heading">Über den Einführungskurs</h2>



<ul class="wp-block-list">
<li>Der Einführungskurs für Kinder dauert <strong>8 Lektionen</strong>.</li>



<li>Der Kurs ist für Kinder <strong>ab 8 Jahren</strong> geeignet.</li>



<li>Im Kurs erhalten die Kinder einen ersten Einblick ins Karate, lernen die <strong>Abläufe im Karatetraining</strong>, <strong>Selbstverteidigungselemente</strong> und die ersten <strong>Grundtechniken im Karate </strong>kennen.</li>
</ul>



<p>Wir freuen uns zahlreiche Teilnehmende und auf viele tolle neue Lernerlebnisse!</p>



<h2 class="wp-block-heading">Kontakt zur Anmeldung</h2>



<div class="wp-block-group"><div class="wp-block-group__inner-container is-layout-constrained wp-block-group-is-layout-constrained">
<figure class="wp-block-table"><table><tbody><tr><td>Trainer</td><td>Urs Leutenegger, Jugend- und Sportleiter, 5. Dan</td></tr><tr><td>E-Mail</td><td>fam.leutenegger@bluewin.ch</td></tr><tr><td>Handy</td><td>+41 79 429 06 42</td></tr><tr><td>Festnetz</td><td>+41 52 654 30 31&nbsp;</td></tr></tbody></table></figure>
</div></div>



<h2 class="wp-block-heading">Kosten und Zahlung</h2>



<ul class="wp-block-list">
<li>Kosten für 8 Lektionen ist <strong>CHF 150.00</strong>.</li>



<li>Zahlung <strong>in bar vor Ort </strong>am 1. Kurstag</li>
</ul>



<h2 class="wp-block-heading">Flyer zum Einführungskurs für Kinder 2026</h2>



<figure class="wp-block-image size-full is-resized"><a href="https://www.karateclub-wyland.ch/wp-content/uploads/2025/12/Fyler_Einfuehrungskurs-fuer-Kinder-in-Uhwiesen_21.05.2026.jpg"><img loading="lazy" decoding="async" width="1683" height="2381" src="https://www.karateclub-wyland.ch/wp-content/uploads/2025/12/Fyler_Einfuehrungskurs-fuer-Kinder-in-Uhwiesen_21.05.2026.jpg" alt="" class="wp-image-2212" style="width:626px;height:auto" srcset="https://www.karateclub-wyland.ch/wp-content/uploads/2025/12/Fyler_Einfuehrungskurs-fuer-Kinder-in-Uhwiesen_21.05.2026.jpg 1683w, https://www.karateclub-wyland.ch/wp-content/uploads/2025/12/Fyler_Einfuehrungskurs-fuer-Kinder-in-Uhwiesen_21.05.2026-212x300.jpg 212w, https://www.karateclub-wyland.ch/wp-content/uploads/2025/12/Fyler_Einfuehrungskurs-fuer-Kinder-in-Uhwiesen_21.05.2026-724x1024.jpg 724w, https://www.karateclub-wyland.ch/wp-content/uploads/2025/12/Fyler_Einfuehrungskurs-fuer-Kinder-in-Uhwiesen_21.05.2026-768x1087.jpg 768w, https://www.karateclub-wyland.ch/wp-content/uploads/2025/12/Fyler_Einfuehrungskurs-fuer-Kinder-in-Uhwiesen_21.05.2026-1086x1536.jpg 1086w, https://www.karateclub-wyland.ch/wp-content/uploads/2025/12/Fyler_Einfuehrungskurs-fuer-Kinder-in-Uhwiesen_21.05.2026-1448x2048.jpg 1448w" sizes="auto, (max-width: 1683px) 100vw, 1683px" /></a></figure>



<div class="wp-block-buttons is-layout-flex wp-block-buttons-is-layout-flex">
<div class="wp-block-button"><a class="wp-block-button__link wp-element-button" href="https://www.karateclub-wyland.ch/?page_id=271"><mark style="background-color:rgba(0, 0, 0, 0)" class="has-inline-color has-white-color">Finde mehr über Karate heraus</mark></a></div>



<div class="wp-block-button"><a class="wp-block-button__link wp-element-button" href="https://www.karateclub-wyland.ch/?page_id=200"><mark style="background-color:rgba(0, 0, 0, 0)" class="has-inline-color has-white-color">Finde mehr über das Training heraus</mark></a></div>
</div>

<p>Der nächste Einführungskurs findet am 21. Mai 2026 in Dachsen in der Turnhalle statt. </p>
<p>Probetraining ist auf Anfrage immer möglich, siehe Kontakt unten.</p>
